(o) = c(o) - 2*s(o). Let p be y(-5). What is the units digit of p/(-20) + 174/10?
8
Let f = -10 - -26. Suppose -2*w - f = -0. What is the units digit of w/(0 - (-2)/(-1))?
4
Let f(s) = 2*s**2 + s**3 - 2*s**3 + 8*s + 4 - 13*s + 2*s**2. Let l be f(3). Let a = l + 3. What is the units digit of a?
1
Let k(a) = -a**3 + 10*a**2 + 4*a - 1. Let r be k(10). Let j = -12 + r. What is the units digit of j?
7
Let b = -30 + 888. Suppose 139 = -4*m + c + b, 4*m - 722 = 2*c. What is the tens digit of m?
7
Suppose -o - 29 = -311. What is the units digit of o?
2
Let h be (-12)/4*4/(-6). Suppose -4*j + 2*y = -154, 2*y + 2*y - 82 = -h*j. Let z = -6 + j. What is the tens digit of z?
3
Let w be 16/(-12)*3 + 11. What is the units digit of (w - 5) + -1 + 133?
4
Let o = 9 + -6. Let i(a) = o*a + 0*a**3 - a**3 - 5*a**2 + 0*a**3. What is the units digit of i(-6)?
8
Let r(n) = -60*n + 33. What is the hundreds digit of r(-2)?
1
Let u(a) be the third derivative of -a**5/60 + a**4/24 - a**3/3 + 13*a**2. Let k be u(-5). Let s = k + 43. What is the units digit of s?
1
Let c(x) = x**3 + x**2 - 3*x + 1. Let q be c(2). Let b = -9 + q. What is the tens digit of -7 - -3 - 92/b?
4
Let i(k) = 3*k + 3. Let h be i(5). Suppose h*o - 15*o = 99. What is the tens digit of o?
3
Let c be (1 - 1) + 3 + (3 - 4). What is the tens digit of (10/24*3)/(c/144)?
9
Let q(c) = 8*c + 8. Let o be q(15). Let b = 215 - o. Suppose 4*f = b + 137. What is the units digit of f?
6
Suppose -g - 3*k + 2095 = 0, 3*g - 3*k = 2980 + 3269. What is the hundreds digit of g?
0
Let l(b) = b**2 - 9*b. Let h be l(11). Suppose 0 = 3*g - 2*i - h, -5*g - 3*i = -0*i - 5. Suppose 0*z = -g*z + 12. What is the units digit of z?
3
Suppose -12*r + 3*r + 27 = 0. Suppose r*t - 3*l = 8*t - 965, 3*l - 585 = -3*t. What is the hundreds digit of t?
1
Let o(l) = -4*l - 1 - 10*l**2 + 22*l**2 - 5. Let z be o(-4). Suppose -4*c = 2*g - 166, -3*c + z = -3*g + 64. What is the tens digit of c?
4
Let c(p) = -18*p**2 + 6*p + 1009. What is the thousands digit of c(0)?
1
Suppose -2*c = -8*c + 30. Suppose 14 = c*v + 39, 0 = y + 5*v - 67. What is the tens digit of y?
9
Suppose q - 2*q + 3 = x, 7 = 3*q + 4*x. Suppose 0 = h - q*h - 2*j + 128, -j - 116 = -4*h. What is the units digit of h?
0
Suppose 5*w + 0*g = -2*g + 66, 0 = 2*g - 6. Suppose 0 = -i + 23 + w. What is the tens digit of i?
3
What is the units digit of 1/(2666/888 + (10 - 13))?
4
Suppose 8*x - 2 = 7*x. Suppose -x + 12 = 2*g. Suppose 2*m + 2*m - j - 41 = 0, -3*m = -g*j - 18. What is the tens digit of m?
1
Suppose z = 5 - 0. What is the units digit of -4 + z/((-5)/(-47))?
3
Suppose -5*m = -5*j - 24610, -3*m - 4138 = 2*j - 18919. What is the thousands digit of m?
4
Let b be (-1 - -2)/((-3)/(-12)). Suppose 0 = -b*h + 130 + 286. Suppose -7*r = -11*r + h. What is the units digit of r?
6
Suppose 3*s - 8*s = 0. Suppose 5*x - 164 - 221 = s. What is the units digit of x?
7
Suppose -366 = -2*h + z, 3*h + 2*z - z = 539. What is the hundreds digit of h?
1
Let v be (1 + -52)/3 - -3. What is the units digit of v*((-6)/3 + 1)?
4
Let j(w) = 2*w + 7. Let z(r) = r + 1. Suppose -4 = g - 3*i, i = 5*g + 10 + 10. Let c(h) = g*z(h) + j(h). What is the units digit of c(-6)?
5
Let a(d) = -d**2 + 24*d - 76. What is the tens digit of a(15)?
5
Let f = -4597 + 6932. What is the tens digit of f?
3
Let x(a) = 15*a + 2. Let w be x(2). Suppose 3*j - w = -8. Let k(n) = -n**3 + 8*n**2 + n. What is the units digit of k(j)?
8
Let w = -1256 - -2496. What is the tens digit of (3/(-2))/((-20)/w)?
9
What is the hundreds digit of (-6745 + 23)/((-4)/2)?
3
Let o(q) = q + 1. Let r be o(-1). Suppose g + 4*j - 98 = 0, r*j + 305 = 3*g + j. What is the units digit of g?
2
Suppose 0 = -13*q + 10*q - 3*y + 1362, -4 = y. What is the tens digit of q?
5
Let m(v) = 15*v**2 + 10*v - 8. Let g(d) = -d**3 + 15*d**2 + 35*d - 21. Let r be g(17). What is the hundreds digit of m(r)?
1
Let k(o) = o**2 - 6*o + 96. What is the units digit of k(-24)?
6
Let r = -11 - -23. What is the tens digit of (96/r)/(2/8)?
3
Suppose -72096 = -74*q + 42*q. What is the thousands digit of q?
2
Suppose -3*k + 5*n = -17862, 0 = 76*k - 78*k - 3*n + 11908. What is the thousands digit of k?
5
Let r be ((-2)/4)/(5/(-60)). Suppose 4*s = 10 - 2. Suppose -5*g = v - 91, 41 = s*g - v + r*v. What is the tens digit of g?
1
Let v = 1 + -1. Suppose v = -3*f + f + 132. What is the units digit of f?
6
Let s = 392 + -376. What is the units digit of s?
6
Let u be 4/8*9*-12. Let o = -51 - u. What is the units digit of o?
3
Let b(c) = -3*c + 4. Let l be b(2). Let y be (-1 + (l - -2))*1. What is the units digit of (-3 - -2)/(y/4)?
4
Suppose 5*s + 8*s = 7670. What is the units digit of s?
0
Let j(m) = -285*m - 282. What is the thousands digit of j(-23)?
6
What is the tens digit of (115/20)/((-2)/(-8128)*8)?
2
Suppose -2*x = 1294 - 286. Let t be -4*(-3)/(-4) - (3 - -54). What is the units digit of x/t + (-3)/(-5)?
9
Suppose 0 = 3*o - 4*p + 8, 0 = -4*p - 0*p + 8. Let y be o + 1 + 14 + 131. Suppose b + b + 260 = 4*h, -2*h - 3*b = -y. What is the tens digit of h?
6
Let v be (-499)/(-5) + (-13)/(-65). Let j = -71 + v. What is the tens digit of j?
2
Suppose 3*v = 7*v - 3*b - 1892, -v + 3*b = -464. What is the hundreds digit of v?
4
Suppose 0 = -4*y + 2*o + 3482, 3*y + 5*o - 2933 = -315. What is the hundreds digit of y?
8
Let k = 231 - 121. Let a(c) = -c + 9. Let y be a(4). Suppose -94 = -y*j - 2*g + k, j + 5*g = 27. What is the units digit of j?
2
Let t(k) be the third derivative of 0 + 17/3*k**3 + 0*k**4 - 1/120*k**6 + 7*k**2 - 1/60*k**5 + 0*k. What is the tens digit of t(0)?
3
Let i(x) = x + 19. Let z be i(-13). Let b be (5/15)/(2/z). What is the units digit of -3 + 1 + b*3?
1
Let l(b) = -b**3 + 3*b**2 + 3*b + 5. Let j be l(4). Suppose r + 0*w = -w + j, -r - 5*w = 3. Suppose r*m - 37 = 69. What is the tens digit of m?
5
Let r be ((-188)/6)/(2/(-3)). Suppose -3*n + 145 + 0 = 4*i, n - r = -i. What is the tens digit of n?
4
Suppose 4 = 4*z, 2*z - 293 = -d - 44. Suppose 134 = h + 4*n + 18, 5*n = -2*h + d. What is the hundreds digit of h?
1
Let h(w) = -420*w. Let m be h(3). Let a = -688 - m. What is the units digit of a/24 - 1/(-6)?
4
What is the units digit of (-9 + 11)*1 - -3547?
9
Let z(i) = -59*i - 537. What is the hundreds digit of z(-66)?
3
Let f(h) be the third derivative of h**6/120 + 3*h**5/20 - 7*h**4/12 - 29*h**3/6 - 2*h**2. What is the tens digit of f(-10)?
1
Let i = 11 + -33. Let w = -86 + 38. Let d = i - w. What is the units digit of d?
6
Suppose 10*j - 21 + 1 = 0. Suppose 2*u + 3*v - 4*v - 317 = 0, 0 = -j*u - 3*v + 337. What is the units digit of u?
1
Suppose -3*u + 3*p + 123 = 0, -u = -2*u + 5*p + 61. Let j be (-1)/(-2) - u/(-24). Suppose 3*z = j*z + 63. What is the tens digit of z?
6
Let b(n) = -2*n**2 - 3. Let s be b(-4). Let z = -24 - s. Suppose 65 = 3*r + z. What is the tens digit of r?
1
What is the hundreds digit of (-1003)/(-3) - 20*3/45?
3
Let o be (-1)/4 + 353/4. Suppose 8*r - 16*r + o = 0. What is the tens digit of r?
1
Suppose 13*t - 18*t + 5*a + 1350 = 0, -2*a + 8 = 0. What is the hundreds digit of t?
2
Let o(b) = -b**3 - 5*b**2 + 8*b + 42. What is the hundreds digit of o(-11)?
6
Let c(i) = 2*i**3 - 3*i**2 + 3*i + 3. Let k be c(2). Suppose k*s - 12 = 10*s. What is the units digit of (s/10)/(11/165)?
6
Suppose -2*g + 0*g + 615 = -3*f, 1190 = 4*g + 2*f. What is the units digit of g?
0
Suppose 5*u + 185 = 5*j, -2 = -j - 4. Let t = u - -55. Let x = t - 2. What is the units digit of x?
4
Suppose -6*t = -10*t + 16. Suppose -6*y = -t*y - 14. What is the units digit of y?
7
Let j(o) = -225*o**2 - 2*o - 3. Let q be j(-1). Let w = q - -390. What is the hundreds digit of w?
1
Let b be 6/(-21) - (-46)/14. Let t be -1 - (b - (-2 - -30)). What is the units digit of 21/(-7) + t/2?
9
Let y(k) = -k + 21. Let b(d) = d**2 + d - 9. Let s = -2 + 2. Let x be b(s). What is the tens digit of y(x)?
3
Let m(f) = -11*f - 1. Let q be m(-13). Suppose 0 = -u - u + q. What is the tens digit of u?
7
Let a be 115 + 1 + 1 - 1. Let z = a + -61. What is the units digit of z?
5
Let f(c) = -2*c**2 + 14*c - 10. Let z(p) = p**2 + 1. Let r(l) = -f(l) - z(l). Suppose 0 = -4*k + 60 - 0. What is the tens digit of r(k)?
2
Let w(t) = -5*t - 2. Suppose s - 3 = 2*f, -5*s + 4*f = -3 + 6. Let j be w(s). Let p = j + -6. W